).
110
Let d(a) = -13*a**3 + 14*a**2 - 102*a + 149. What is d(2)?
-103
Let w(l) = 2*l**2 + 1301*l - 228821. Give w(144).
-5
Let t(h) = h**2 - 693*h + 6690. Determine t(10).
-140
Let g(d) = d**3 + 59*d**2 + 896*d + 981. Calculate g(-32).
-43
Let r(o) = -o**3 + 33*o**2 + 6*o - 43. Give r(6).
965
Let k(q) = -2*q**3 - 106*q**2 - 845*q + 3546. Calculate k(3).
3
Let y(b) = b**2 + 49*b + 499. Calculate y(-54).
769
Let u(m) = m**3 - 93*m**2 + 419*m + 9020. Calculate u(87).
59
Let o(a) = 31700*a - 95104. Determine o(3).
-4
Let j(g) = -308*g - 32933. Give j(-107).
23
Let j(f) = 41*f**2 + 240*f + 300. Determine j(-4).
-4
Let v(a) = 1041090*a + 9369813. Give v(-9).
3
Let t(s) = 5*s**3 + 148*s**2 - 239*s - 531. Give t(-31).
151
Let i(v) = 210008*v + 1259930. What is i(-6)?
-118
Let d(y) = -y**3 + 1201*y**2 + 3183*y + 516512. Give d(1204).
-4
Let k(u) = u**3 - 232*u**2 - 3472*u - 410. What is k(-14)?
-18
Let r(g) = 12*g**3 + 167*g**2 + 361*g + 5244. What is r(-14)?
-6
Let s(t) = -802*t + 4742. Give s(6).
-70
Let d(n) = 823*n - 57636. What is d(70)?
-26
Let t(f) = f**3 - 477*f**2 - 58385*f - 701. What is t(-101)?
6
Let n(v) = -8*v**2 - 504*v - 26. Calculate n(-63).
-26
Let n(m) = -2*m**3 + 106*m**2 - 722*m + 67. Determine n(45).
-23
Let g(k) = k**2 + 735698*k - 5149930. Calculate g(7).
5
Let j(w) = -5*w**3 - 21*w**2 - 424*w - 2151. Determine j(-5).
69
Let f(t) = -4*t**3 - 1822*t**2 - 3634*t - 14. Calculate f(-2).
-2
Let j(y) = 30*y**3 + 235*y**2 - 17*y - 2. What is j(-8)?
-186
Let z(h) = -13*h**3 + h**2 + 36*h + 16. Calculate z(2).
-12
Let z(s) = -14726*s + 1369516. Calculate z(93).
-2
Let g(h) = -h**3 - 17*h**2 + 4920*h + 59774. Determine g(-12).
14
Let o(j) = -j**3 + 60*j**2 - 590*j - 257. Give o(13).
16
Let c(x) = x**3 + 374*x**2 - 31597*x - 893. What is c(-445)?
-3
Let w(y) = 2*y**3 - 57*y**2 - 140*y + 4657. Calculate w(28).
-47
Let c(h) = -341*h**2 - 54204*h + 2379. Give c(-159).
-6
Let m(s) = 215*s**3 - 9*s**2 + 72*s - 65. What is m(1)?
213
Let x(z) = -11*z**3 + 119*z**2 + 1342*z - 14522. Give x(11).
-2
Let c(i) = -1306*i + 587693. Calculate c(450).
-7
Let f(j) = -j**3 + 3*j**2 + 40*j - 114. Give f(8).
-114
Let l(p) = -136*p**2 + 1063*p + 224. Determine l(8).
24
Let w(s) = s**3 + 39*s**2 + 83*s + 1914. Calculate w(-38).
204
Let v(w) = 2*w**3 - 5*w**2 - 183*w + 676. Calculate v(4).
-8
Let j(z) = z**3 - 835*z**2 + 11462*z + 386. Determine j(14).
-62
Let b(m) = 119905*m - 1079142. Calculate b(9).
3
Let w(k) = k**3 - 24*k**2 - 47*k - 210. Determine w(23).
-1820
Let k(b) = 3*b**3 - 34*b**2 - 1167*b + 182. Calculate k(-15).
-88
Let b(u) = -44*u**2 - 72*u + 500. Calculate b(-5).
-240
Let w(z) = -243*z**2 + 4136*z - 122. Calculate w(17).
-37
Let r(z) = 2*z**3 - 128*z**2 - 201*z + 1711. What is r(3)?
10
Let a(f) = -f**2 - 2342*f - 134669. Calculate a(-59).
28
Let w(z) = 2*z**3 + 117*z**2 - 566*z - 8482. What is w(-62)?
-298
Let s(v) = v**2 - 1032*v + 8156. What is s(8)?
-36
Let v(z) = z**3 + 14*z**2 - 1782*z - 7330. Give v(-4).
-42
Let b(f) = 6649*f - 44539. Give b(6).
-4645
Let h(z) = -1705*z + 13546. Determine h(8).
-94
Let t(w) = -1533*w + 1724631. Calculate t(1125).
6
Let x(u) = -23*u**2 - 8529*u - 25582. Determine x(-3).
-202
Let o(d) = 15141*d + 15458965. Give o(-1021).
4
Let i(a) = -727473*a + 26189025. Calculate i(36).
-3
Let m(i) = 8*i**2 - 477*i + 648. Determine m(58).
-106
Let w(a) = -132*a**2 - 2041*a - 19. Give w(-13).
4206
Let b(c) = -9322*c + 242387. What is b(26)?
15
Let f(d) = -11079*d + 66466. Calculate f(6).
-8
Let p(d) = -d**2 - 14210*d + 1864220. Determine p(130).
20
Let d(f) = -f**3 + 114*f**2 + 2229*f - 5. Calculate d(-17).
-39
Let t(u) = 3*u**3 + 1064*u**2 + 7287*u - 96. Determine t(-7).
2
Let i(z) = -2149*z**2 + 2*z + 217. Determine i(0).
217
Let n(z) = -106146*z + 318425. Determine n(3).
-13
Let h(z) = 2*z**2 + 965*z + 25038. Calculate h(-455).
13
Let k(f) = -67280*f - 134619. Calculate k(-2).
-59
Let x(a) = -8*a**2 + 476*a - 1945. Give x(57).
-805
Let w(r) = -44*r**2 + 1293*r - 382. Calculate w(29).
111
Let n(f) = -44900*f + 1347021. Calculate n(30).
21
Let d(b) = 2012*b + 19788. Give d(-12).
-4356
Let j(o) = -3*o**2 - 260*o + 189942. Determine j(212).
-10
Let z(b) = -2963*b - 8865. Give z(-3).
24
Let x(s) = -3*s**2 - 4*s + 2987. Calculate x(0).
2987
Let r(l) = -l**3 - 175*l**2 + 169*l - 32680. What is r(-177)?
65
Let v(c) = 43*c + 3216. Calculate v(-99).
-1041
Let u(l) = -69*l - 70932. Calculate u(-1030).
138
Let o(z) = -7*z**3 + 62*z**2 + 27*z + 152. What is o(9)?
314
Let c(k) = 582*k - 17631. What is c(37)?
3903
Let w(a) = -2*a**2 + 110*a + 345. Give w(0).
345
Let j(v) = -v**2 + 6435*v - 89797. What is j(14)?
97
Let h(k) = 3*k**3 - 2106*k**2 - 17032*k - 4. Determine h(-8).
-68
Let z(y) = -y**3 + 9*y**2 + 333*y - 2745. What is z(8)?
-17
Let s(z) = z**2 - 104*z - 17878. Calculate s(-91).
-133
Let f(y) = -168*y - 2543. Determine f(-16).
145
Let p(l) = -15*l**2 + 5627*l + 87799. What is p(-15)?
19
Let d(a) = 139*a + 4738. What is d(-39)?
-683
Let k(x) = -x**2 + 219*x + 16381. What is k(-59)?
-21
Let m(s) = 10872*s - 293666. What is m(27)?
-122
Let c(x) = 22*x**3 - 4*x**2 - 6880*x + 13767. Calculate c(2).
167
Let p(l) = -5*l**3 + 286*l**2 + 5766*l + 47. Determine p(73).
-26
Let b(c) = 18597*c - 5021181. Give b(270).
9
Let i(a) = -121914*a + 86071288. Calculate i(706).
4
Let c(g) = g**2 + 264894*g + 106. Give c(0).
106
Let g(x) = -53152*x - 1913484. Calculate g(-36).
-12
Let i(p) = -5475*p + 2091430. Calculate i(382).
-20
Let t(v) = 2*v**3 + 36*v**2 - 1503*v - 21237. Determine t(-13).
-8
Let o(t) = -t**2 + 12462*t - 199139. What is o(16)?
-3
Let g(u) = -u**3 + 326*u**2 + 79*u - 25783. Give g(326).
-29
Let p(z) = 15*z**2 - 4986*z + 1999. Calculate p(332).
7
Let q(m) = m**3 - 534*m**2 + 550*m - 9112. What is q(533)?
-51
Let f(a) = 6*a**2 + 245*a + 46. Calculate f(4).
1122
Let g(w) = -62*w**2 + 1594*w + 73970. Determine g(-24).
2
Let v(b) = -15217*b - 882592. Determine v(-58).
-6
Let a(n) = -96*n**2 - 4625*n - 55684. What is a(-24)?
20
Let m(p) = -7*p**2 + 162*p + 2492. Calculate m(-17).
-2285
Let m(o) = o**3 + o**2 - 18*o + 80. Determine m(0).
80
Let p(r) = 3*r**3 + 7*r**2 + 2708*r + 8124. What is p(-3)?
-18
Let t(q) = 3102*q**3 - 307110*q**2 + 1191*q - 306. Determine t(99).
-9
Let u(v) = -451*v**3 - 361252*v**2 - 794*v + 5611. Calculate u(-801).
4
Let a(k) = -k**3 + 352*k**2 - 26895*k + 1673. What is a(112)?
-7
Let x(r) = -51321*r - 1385808. Determine x(-27).
-141
Let n(x) = -x**3 - 55*x**2 - 5517*x - 330075. Calculate n(-58).
3
Let j(p) = 14605*p - 5024146. Give j(344).
-26
Let n(s) = 63*s - 321. Give n(4).
-69
Let z(c) = -13865*c + 27701. What is z(2)?
-29
Let l(c) = c**3 + 251*c**2 + 1703*c - 1157. Give l(-244).
63
Let m(l) = 1759*l + 38699. Calculate m(-22).
1
Let k(b) = b**3 + 51*b**2 - 118*b - 4. What is k(-53)?
632
Let w(h) = 18*h**2 + 469*h + 59. What is w(-27)?
518
Let b(i) = -56492*i + 507841. Calculate b(9).
-587
Let r(c) = -47*c**2 + 1642*c + 170. Determine r(35).
65
Let p(s) = -22*s + 664. Calculate p(-26).
1236
Let g(j) = -j**3 + 14*j**2 + 284*j + 53. Give g(-8).
-811
Let g(o) = -17397*o - 1617956. Give g(-93).
-35
Let m(q) = 35*q**2 - 1490*q - 712. What is m(43)?
-67
Let b(j) = -4*j**2 - 13*j + 3220. Determine b(-29).
233
Let v(i) = 15*i**3 - 309*i**2 - 1406*i + 26904. What is v(21)?
24
Let a(p) = -780*p - 969. Determine a(-2).
591
Let y(q) = q**3 - 55*q**2 + 80*q + 299. Determine y(54).
1703
Let r(d) = d**3 + 201*d**2 + 1531*d - 57. Calculate r(-8).
47
Let d(y) = -y**3 + 101*y**2 + 716*y - 300. Calculate d(-7).
-20
Let i(t) = -6*t**2 - 108*t + 756. Give i(-26).
-492
Let g(j) = j**3 - 24*j**2 - 109*j + 2606. Determine g(24).
-10
Let v(t) = -3*t**2 + 481*t + 4754. What is v(169)?
360
Let u(r) = -231*r + 16874. Determine u(74).
-220
Let k(q) = -864*q - 101095. Determine k(-117).
-7
Let g(h) = 468*h - 5157. What is g(12)?
459
Let g(p) = -29*p**2 + 293*p - 62. What is g(14)?
-1644
Let i(j) = -160*j**2 + 858*j - 77. Determine i(5).
213
Let y(u) = 9*u**2 + 7*u + 590. What is y(0)?
590
Let z(q) = 352*q + 8742. Determine z(-24).
294
Let y(c) = -32*c**3 - 88*c**2 + 6*c + 8. Give y(-2).
-100
Let h(g) = 2*g**2 + 22407*g + 156737. Determine h(-7).
-14
Let x(r) = -r**3 - 168*r**2 - 39*r + 193. Give x(0).
193
Let i(h) = -396*h - 431